{"id":18,"date":"2013-09-24T15:19:10","date_gmt":"2013-09-24T13:19:10","guid":{"rendered":"https:\/\/www.openrad.org\/?page_id=18"},"modified":"2013-09-24T15:19:10","modified_gmt":"2013-09-24T13:19:10","slug":"chi-siamo","status":"publish","type":"page","link":"https:\/\/www.openrad.org\/?page_id=18","title":{"rendered":"Chi siamo"},"content":{"rendered":"<h2>OpenRAD Group<\/h2>\n<p><b>Open Research And Development<\/b><\/p>\n<p>Il Gruppo OpenRAD nasce alcuni anni or sono come idea per la creazione di un ambiente dove dare la possibilit\u00e0 ad appassionati di informatica di poter realizzare i loro progetti. Con il tempo ci si rese conto che questo punto d&#8217;incontro non doveva essere limitato solo agli informatici ma doveva dare spazio anche ad appassionati di altri settori, purch\u00e9 si trattasse di materiale utilizzabile per la ricerca e lo sviluppo ma soprattutto che fosse liberamente disponibile per studi, approfondimenti, ed evoluzioni.<\/p>\n<p>Il Nome, OpenRAD Group, in se racchiude l&#8217;idea di base che i due fondatori avevano cogitato:<\/p>\n<ul type=\"none\">\n<li>Gruppo di Ricerca e Sviluppo Aperto<\/li>\n<li>Open Research And Development Group<\/li>\n<\/ul>\n<p>La parola Group \u00e8 stata aggiunta solo in seguito per chiarire che il sito \u00e8 un gruppo di persone e che solo lavorando insieme si possono ottenere dei validi risultati.<\/p>\n<p>La missione dell&#8217;OpenRAD Group \u00e8 di poter aiutare chi per vari motivi non pu\u00f2 portare avanti i propri progetti da solo, e creare cosi del materiale che verr\u00e0 divulgato come informazione scientifica o di ricerca.<\/p>\n<p>Si \u00e8 pensata anche una licenza nuova che racchiudesse tutte le nostre idee in un numero il pi\u00f9 limitato possibile di punti, per poter dare a chiunque la possibilit\u00e0 di poter utilizzare al meglio il nostro materiale.<\/p>\n<p>Nel sito si vedr\u00e0 spesso la parola &#8220;materiale&#8221;, perch\u00e9 la nostra intenzione \u00e8 di dare a tutti la possibilit\u00e0 di poter espandere i loro progetti purch\u00e9 condivisi con chi ne sia interessato, ovviamente data la natura formativa dei fondatori i primi progetti presentati saranno in ambito informatico, ma nulla vieta di inserire idee, anche solo teoriche, di altro tipo, elettronico, chimito, librario o altro ancora. Tutto verr\u00e0 chiamato Materiale, e non esiste nessun limite anche alla forma di questo materiale, purch\u00e9 sia pubblicabile e utilizzabile al pubblico dominio, presso il nostro gruppo, sar\u00e0 considerato materiale qualsiasi cosa che abbia un fine di pubblica utilit\u00e0.<\/p>\n<p>La nostra idea di base si evolve di giorno in giorno ma la radice \u00e8 sempre la stessa, creare materiale di pubblica utilit\u00e0. Speriamo di raccogliere il consenso di molte persone che vogliano aggregarsi al nostro gruppo per poter portare avanti le proprie idee e con il tempo diventare una fondazione per la divulgazione scientifica.<\/p>\n","protected":false},"excerpt":{"rendered":"<p>OpenRAD Group Open Research And Development Il Gruppo OpenRAD nasce alcuni anni or sono come idea per la creazione di un ambiente dove dare la possibilit\u00e0 ad appassionati di informatica di poter realizzare i loro progetti. Con il tempo ci si rese conto che questo punto d&#8217;incontro non doveva essere limitato solo agli informatici ma &hellip; <a href=\"https:\/\/www.openrad.org\/?page_id=18\" class=\"more-link\">Continua la lettura di <span class=\"screen-reader-text\">Chi siamo<\/span> <span class=\"meta-nav\">&rarr;<\/span><\/a><\/p>\n","protected":false},"author":1,"featured_media":0,"parent":0,"menu_order":0,"comment_status":"open","ping_status":"open","template":"","meta":{"footnotes":""},"class_list":["post-18","page","type-page","status-publish","hentry"],"_links":{"self":[{"href":"https:\/\/www.openrad.org\/index.php?rest_route=\/wp\/v2\/pages\/18"}],"collection":[{"href":"https:\/\/www.openrad.org\/index.php?rest_route=\/wp\/v2\/pages"}],"about":[{"href":"https:\/\/www.openrad.org\/index.php?rest_route=\/wp\/v2\/types\/page"}],"author":[{"embeddable":true,"href":"https:\/\/www.openrad.org\/index.php?rest_route=\/wp\/v2\/users\/1"}],"replies":[{"embeddable":true,"href":"https:\/\/www.openrad.org\/index.php?rest_route=%2Fwp%2Fv2%2Fcomments&post=18"}],"version-history":[{"count":0,"href":"https:\/\/www.openrad.org\/index.php?rest_route=\/wp\/v2\/pages\/18\/revisions"}],"wp:attachment":[{"href":"https:\/\/www.openrad.org\/index.php?rest_route=%2Fwp%2Fv2%2Fmedia&parent=18"}],"curies":[{"name":"wp","href":"https:\/\/api.w.org\/{rel}","templated":true}]}}